 factor of 270 and 92991672.
54
Calculate the greatest common divisor of 80365278 and 45346.
1106
What is the highest common divisor of 29217200 and 120?
40
What is the greatest common divisor of 126 and 4233046?
2
Calculate the highest common divisor of 239445 and 1864305.
765
What is the greatest common factor of 6538 and 1453304?
934
Calculate the highest common divisor of 2002 and 1721902.
182
Calculate the greatest common divisor of 9083972 and 4700.
188
What is the highest common divisor of 1004257 and 854309?
1973
What is the highest common divisor of 305998 and 9856?
154
What is the greatest common factor of 40732 and 16961284?
2396
Calculate the highest common divisor of 30 and 26375010.
30
What is the highest common factor of 73480 and 33220?
220
Calculate the greatest common divisor of 154 and 19615464.
22
Calculate the greatest common divisor of 29191200 and 200.
200
What is the greatest common divisor of 4381 and 327090515?
337
What is the greatest common factor of 3 and 27914928?
3
Calculate the greatest common factor of 1449871 and 5069.
137
What is the greatest common factor of 308 and 1270352?
4
What is the highest common divisor of 2505212 and 816416?
3292
What is the greatest common divisor of 31132 and 91948?
724
What is the greatest common factor of 2031264 and 42696?
72
What is the greatest common factor of 714770 and 34650?
70
Calculate the highest common divisor of 217 and 369882669.
31
What is the highest common divisor of 3059 and 3359219?
437
What is the greatest common factor of 497322 and 15750?
126
Calculate the greatest common factor of 355203 and 20191.
61
Calculate the highest common divisor of 216 and 21988881.
27
Calculate the greatest common factor of 3942074 and 19058.
1466
Calculate the highest common factor of 284637216 and 16.
16
Calculate the highest common factor of 900 and 193850.
50
Calculate the highest common factor of 15082213 and 34.
17
Calculate the highest common factor of 587 and 2054439539.
587
Calculate the greatest common divisor of 857233 and 300242.
1403
What is the greatest common divisor of 279425019 and 1524?
381
What is the greatest common factor of 2414 and 6199294?
142
What is the highest common divisor of 20928 and 5139132?
1308
Calculate the highest common factor of 68052 and 2431958.
106
Calculate the greatest common factor of 21 and 6855501.
3
Calculate the highest common divisor of 121710 and 16353767.
4057
What is the highest common factor of 13701020 and 20?
20
Calculate the greatest common factor of 15 and 954843.
3
Calculate the greatest common divisor of 826 and 1590162.
14
Calculate the greatest common factor of 76923 and 4837.
7
What is the highest common divisor of 3127905 and 8165?
355
What is the greatest common factor of 8170019 and 572?
143
What is the highest common factor of 1615580484 and 252?
84
Calculate the greatest common divisor of 11972 and 1975462.
82
What is the greatest common factor of 6 and 409233582?
6
What is the highest common divisor of 33 and 1817661?
3
Calculate the greatest common divisor of 1467908849 and 649.
649
Calculate the greatest common factor of 18675 and 298899.
9
Calculate the greatest common factor of 20768 and 4906.
22
What is the highest common factor of 23172 and 9730309?
1931
Calculate the greatest common factor of 725802990 and 66.
66
Calculate the greatest common factor of 2247354 and 7794.
18
What is the highest common factor of 1518 and 41778396?
1518
Calculate the greatest common factor of 196 and 28738080.
28
What is the highest common divisor of 6992 and 514096?
368
What is the greatest common factor of 34625801 and 466186?
3283
Calculate the greatest common factor of 1885 and 7129863.
13
What is the highest common factor of 74026512 and 74214?
3906
Calculate the highest common factor of 104 and 209285208.
8
Calculate the highest common divisor of 2376 and 256237938.
594
What is the greatest common divisor of 59912604 and 193?
193
Calculate the highest common divisor of 101781 and 1311318.
2367
What is the greatest common factor of 39112 and 70462?
2
What is the greatest common factor of 3174 and 46756194?
3174
What is the highest common factor of 10 and 366308290?
10
What is the greatest common factor of 2560 and 116320?
160
What is the greatest common divisor of 39424 and 451528?
616
What is the highest common divisor of 9048 and 261847989?
1131
Calculate the greatest common divisor of 3160761 and 94128.
159
What is the greatest common factor of 12672520 and 1120?
280
What is the highest common factor of 7780 and 3157124?
1556
What is the highest common divisor of 6073 and 515057203?
6073
Calculate the greatest common divisor of 11648 and 3847424.
896
Calculate the highest common divisor of 15627142 and 43690.
514
What is the greatest common factor of 84192 and 3228?
12
What is the highest common factor of 1080 and 134640?
360
Calculate the greatest common factor of 7418358 and 54162.
918
What is the greatest common divisor of 288 and 538074?
18
Calculate the greatest common factor of 8 and 20207848.
8
Calculate the highest common divisor of 8288 and 80994480.
4144
Calculate the highest common factor of 5025 and 15277005.
1005
What is the greatest common factor of 749 and 26666112?
107
What is the greatest common divisor of 504 and 251041056?
168
What is the greatest common divisor of 201724 and 164169?
1073
What is the highest common factor of 667492 and 34286?
434
What is the highest common factor of 19552 and 601600?
1504
What is the highest common divisor of 1 and 1594069?
1
What is the greatest common divisor of 5655 and 2919865?
1885
What is the highest common divisor of 24 and 107364426?
6
Calculate the greatest common divisor of 1143 and 187696221.
381
What is the highest common divisor of 58319918 and 148?
74
What is the greatest common factor of 5392 and 383608?
8
Calculate the highest common factor of 150126 and 4292477.
131
What is the highest common factor of 6970 and 97764705?
3485
Calculate the greatest common factor of 16369248 and 96.
96
Calculate the highest common divisor of 1173532 and 84164.
1588
Calculate the greatest common divisor of 24560 and 423280.
80
Calculate the greatest common factor of 1144053 and 3.
3
What is the greatest common factor of 1852280 and 80?
40
What is the highest common divisor of 2423403 and 60651?
2637
Calculate the greatest common factor of 46397 and 788147.
43
Calculate the highest common factor of 123224 and 11086784.
1688
Calculate the greatest common factor of 559578660 and 984.
492
What is the greatest common factor of 144818166 and 277587?
10281
What is the greatest common divisor of 33 and 33067507?
11
Calculate the highest common factor of 239640648 and 4056.
4056
Calculate the highest common divisor of 7461703 and 61.
61
What is the greatest common divisor of 215525 and 100?
25
Calculate the greatest common divisor of 352 and 9217912.
88
Calculate the highest common factor of 537609189 and 13.
13
What is the highest common divisor of 7455123 and 117?
117
What is the greatest common divisor of 191979963 and 153?
153
Calculate the highest common divisor of 1 and 3550471.
1
Calculate the greatest common divisor of 11061450 and 240.
30
Calculate the highest common divisor of 15562914 and 118338.
978
Calculate the greatest common factor of 179735668 and 76.
76
What is the greatest common divisor of 288090 and 111936?
66
What is the highest common divisor of 1193226255 and 687?
687
What is the greatest common factor of 15795 and 1655355?
195
Calculate the highest common divisor of 991433 and 70333.
61
Calculate the greatest common factor of 3966 and 123748454.
1322
What is the highest common factor of 1078298 and 14204?
134
What is the greatest common factor of 41414240 and 2575?
515
Calculate the highest common divisor of 5844 and 38028.
12
What is the highest common divisor of 1419 and 607497?
33
What is the highest common divisor of 22730823 and 1476?
9
What is the highest common factor of 3772314 and 198597?
1029
Calculate the greatest common factor of 52878633 and 207.
69
What is the highest common divisor of 240746 and 584474?
682
What is the greatest common factor of 810405413 and 37?
37
Calculate the highest common divisor of 1164532 and 114104.
3356
What 